{"id":26,"date":"2022-05-16T17:58:15","date_gmt":"2022-05-16T15:58:15","guid":{"rendered":"http:\/\/naturellebienetre.fr\/?page_id=26"},"modified":"2022-06-06T16:45:32","modified_gmt":"2022-06-06T14:45:32","slug":"consultation-naturopathie","status":"publish","type":"page","link":"https:\/\/naturellebienetre.fr\/?page_id=26","title":{"rendered":"Consultation Naturopathie"},"content":{"rendered":"\n<p>Mon objectif, dans le cadre de l\u2019entretien de bilan de vitalit\u00e9, est de comprendre le fonctionnement de votre organisme et les v\u00e9ritables causes des dysfonctionnements, des sympt\u00f4mes, afin de lui donner les moyens de s\u2019auto-gu\u00e9rir en corrigeant l\u2019origine des d\u00e9r\u00e8glements.<\/p>\n\n\n\n<p>Optimiser votre sant\u00e9 et la cultiver sur le long terme avec des techniques naturelles au service de l\u2019\u00e9quilibre vitale et du mieux-\u00eatre : alimentation saine, micro-nutrition (vitamines, min\u00e9raux, acides amin\u00e9s, oligo- \u00e9l\u00e9ments&#8230;), phytoth\u00e9rapie (plantes), aromath\u00e9rapie (huiles essentielles), gestion du stress et des \u00e9motions, fleurs de Bach, techniques de sophrologie et de respiration, m\u00e9ditation.<\/p>\n\n\n\n<p>Nous terminerons le rendez-vous par un exercice de m\u00e9ditation ou de sophrologie (si vous le souhaitez).<\/p>\n\n\n\n<p><\/p>\n\n\n\n<p><\/p>\n\n\n\n<h4 class=\"wp-block-heading\">TELE CONSULTATION : COMMENT FAIRE ?<\/h4>\n\n\n\n<p><\/p>\n\n\n\n<p>Je pratique uniquement les rendez-vous \u00e0 distance, en visio.<\/p>\n\n\n\n<p>A la prise de rdv, je vous contacterai par mail afin de vous expliquer les modalit\u00e9s.<\/p>\n\n\n\n<p>G\u00e9n\u00e9ralement nous faisons les consultations par Skype.<\/p>\n\n\n<div class=\"wp-block-image is-style-rounded\">\n<figure class=\"aligncenter size-large is-resized\"><img loading=\"lazy\" decoding=\"async\" src=\"https:\/\/naturellebienetre.fr\/wp-content\/uploads\/2022\/05\/fleurs-sechees-1024x683.jpg\" alt=\"\" class=\"wp-image-124\" width=\"548\" height=\"351\"\/><\/figure>\n<\/div>\n\n\n<p><\/p>\n\n\n\n<p><\/p>\n\n\n\n<h4 class=\"wp-block-heading\">COMMENT SE DEROULE NOTRE PREMIER RENDEZ-VOUS ?<\/h4>\n\n\n\n<p>Nous \u00e9changeons via un questionnaire qui me permet de collecter les informations sur votre sant\u00e9 et votre rythme de vie. Nous travaillons sur le motif de votre consultation. Je vous explique les grandes lignes de votre accompagnement. Ce rendez-vous dure entre 1H et 1H30.<\/p>\n\n\n\n<p>A t\u00eate repos\u00e9e, je travaille sur votre accompagnement personnalis\u00e9 que je vous fais parvenir par mail sous 24\/48 heures par mail. <\/p>\n\n\n\n<p>Je vous propose de me recontacter afin que je vous l&#8217;explique, que vous puissiez me poser vos questions.<\/p>\n\n\n\n<h4 class=\"wp-block-heading\">QU&#8217;EST CE QU&#8217;UN BILAN HARMONIE EMOTIONNELLE ?<\/h4>\n\n\n\n<p>Le bilan \u00e9motionnel personnalis\u00e9 s&#8217;appuie sur sept groupes \u00e9motionnels (solitude, souci, pr\u00e9occupation excessive, sensibilit\u00e9, tristesse, manque d\u2019int\u00e9r\u00eat et incertitude) via un questionnaire d\u00e9taill\u00e9.<\/p>\n\n\n\n<p>Je travaille avec les Fleurs de Bach\u00ae Original. Elles sont des compl\u00e9ments alimentaires naturels qui ciblent toutes les \u00e9motions passag\u00e8res ou r\u00e9guli\u00e8res. Chaque fleur correspond \u00e0 une \u00e9motion particuli\u00e8re.  <\/p>\n\n\n\n<p>Elles nous aident \u00e0&nbsp;:<\/p>\n\n\n\n<ul class=\"wp-block-list\"><li>Eliminer les tensions morales,<\/li><li>D\u00e9passer nos peurs, doutes et angoisses,<\/li><li>Surmonter les \u00e9tats d\u2019esprits n\u00e9gatifs,<\/li><li>Positiver nos \u00e9tats n\u00e9gatifs,<\/li><li>Faciliter la communication,<\/li><li>Harmoniser nos \u00e9tats \u00e9motionnels,<\/li><li>Retrouver la pleine possession de nos moyens<\/li><\/ul>\n\n\n\n<p>Elles s\u2019adressent \u00e0 tous\u00a0: les enfants, les adolescents et les adultes.<\/p>\n\n\n\n<p>Au terme de notre entretien, je composerai un rem\u00e8de\u00a0contenant les \u00e9lixirs floraux correspondant \u00e0 vos \u00e9motions. Je vous posterai le flacon sous 48 maximum avec une fiche explicative.\u00a0<\/p>\n\n\n<div class=\"wp-block-image\">\n<figure class=\"aligncenter size-full is-resized\"><a href=\"https:\/\/www.therapeutes.com\/naturopathe\/bertincourt\/sandra-naturopathie\" target=\"_blank\" rel=\"noreferrer noopener\"><img loading=\"lazy\" decoding=\"async\" src=\"https:\/\/naturellebienetre.fr\/wp-content\/uploads\/2022\/05\/prise-rdv-1.png\" alt=\"\" class=\"wp-image-223\" width=\"300\" height=\"300\" srcset=\"https:\/\/naturellebienetre.fr\/wp-content\/uploads\/2022\/05\/prise-rdv-1.png 500w, https:\/\/naturellebienetre.fr\/wp-content\/uploads\/2022\/05\/prise-rdv-1-300x300.png 300w, https:\/\/naturellebienetre.fr\/wp-content\/uploads\/2022\/05\/prise-rdv-1-150x150.png 150w, https:\/\/naturellebienetre.fr\/wp-content\/uploads\/2022\/05\/prise-rdv-1-60x60.png 60w\" sizes=\"auto, (max-width: 300px) 100vw, 300px\" \/><\/a><\/figure>\n<\/div>","protected":false},"excerpt":{"rendered":"<p>Mon objectif, dans le cadre de l\u2019entretien de bilan de vitalit\u00e9, est de comprendre le fonctionnement de votre organisme et les v\u00e9ritables causes des dysfonctionnements, des sympt\u00f4mes, afin de lui donner les moyens de s\u2019auto-gu\u00e9rir en corrigeant l\u2019origine des d\u00e9r\u00e8glements. Optimiser votre sant\u00e9 et la cultiver sur le long terme &hellip; <\/p>\n","protected":false},"author":1,"featured_media":0,"parent":0,"menu_order":0,"comment_status":"closed","ping_status":"closed","template":"","meta":{"footnotes":""},"class_list":["post-26","page","type-page","status-publish","hentry","latest_post"],"yoast_head":"<!-- This site is optimized with the Yoast SEO plugin v20.2.1 - https:\/\/yoast.com\/wordpress\/plugins\/seo\/ -->\n<title>Consultation Naturopathie - Approche holistique de la sant\u00e9<\/title>\n<meta name=\"robots\" content=\"index, follow, max-snippet:-1, max-image-preview:large, max-video-preview:-1\" \/>\n<link rel=\"canonical\" href=\"https:\/\/naturellebienetre.fr\/?page_id=26\" \/>\n<meta property=\"og:locale\" content=\"en_US\" \/>\n<meta property=\"og:type\" content=\"article\" \/>\n<meta property=\"og:title\" content=\"Consultation Naturopathie - Approche holistique de la sant\u00e9\" \/>\n<meta property=\"og:description\" content=\"Mon objectif, dans le cadre de l\u2019entretien de bilan de vitalit\u00e9, est de comprendre le fonctionnement de votre organisme et les v\u00e9ritables causes des dysfonctionnements, des sympt\u00f4mes, afin de lui donner les moyens de s\u2019auto-gu\u00e9rir en corrigeant l\u2019origine des d\u00e9r\u00e8glements. Optimiser votre sant\u00e9 et la cultiver sur le long terme &hellip;\" \/>\n<meta property=\"og:url\" content=\"https:\/\/naturellebienetre.fr\/?page_id=26\" \/>\n<meta property=\"og:site_name\" content=\"Approche holistique de la sant\u00e9\" \/>\n<meta property=\"article:modified_time\" content=\"2022-06-06T14:45:32+00:00\" \/>\n<meta property=\"og:image\" content=\"http:\/\/naturellebienetre.fr\/wp-content\/uploads\/2022\/05\/fleurs-sechees-1024x683.jpg\" \/>\n<meta name=\"twitter:card\" content=\"summary_large_image\" \/>\n<meta name=\"twitter:label1\" content=\"Est. reading time\" \/>\n\t<meta name=\"twitter:data1\" content=\"2 minutes\" \/>\n<script type=\"application\/ld+json\" class=\"yoast-schema-graph\">{\"@context\":\"https:\/\/schema.org\",\"@graph\":[{\"@type\":\"WebPage\",\"@id\":\"https:\/\/naturellebienetre.fr\/?page_id=26\",\"url\":\"https:\/\/naturellebienetre.fr\/?page_id=26\",\"name\":\"Consultation Naturopathie - Approche holistique de la sant\u00e9\",\"isPartOf\":{\"@id\":\"https:\/\/naturellebienetre.fr\/#website\"},\"datePublished\":\"2022-05-16T15:58:15+00:00\",\"dateModified\":\"2022-06-06T14:45:32+00:00\",\"breadcrumb\":{\"@id\":\"https:\/\/naturellebienetre.fr\/?page_id=26#breadcrumb\"},\"inLanguage\":\"en-US\",\"potentialAction\":[{\"@type\":\"ReadAction\",\"target\":[\"https:\/\/naturellebienetre.fr\/?page_id=26\"]}]},{\"@type\":\"BreadcrumbList\",\"@id\":\"https:\/\/naturellebienetre.fr\/?page_id=26#breadcrumb\",\"itemListElement\":[{\"@type\":\"ListItem\",\"position\":1,\"name\":\"Accueil\",\"item\":\"https:\/\/naturellebienetre.fr\/\"},{\"@type\":\"ListItem\",\"position\":2,\"name\":\"Consultation Naturopathie\"}]},{\"@type\":\"WebSite\",\"@id\":\"https:\/\/naturellebienetre.fr\/#website\",\"url\":\"https:\/\/naturellebienetre.fr\/\",\"name\":\"Approche holistique de la sant\u00e9 - naturopathie\",\"description\":\"Natur&#039;elle : naturopathie au f\u00e9minin\",\"publisher\":{\"@id\":\"https:\/\/naturellebienetre.fr\/#\/schema\/person\/48341cb16a43c80f0d8dccb26cd453f0\"},\"potentialAction\":[{\"@type\":\"SearchAction\",\"target\":{\"@type\":\"EntryPoint\",\"urlTemplate\":\"https:\/\/naturellebienetre.fr\/?s={search_term_string}\"},\"query-input\":\"required name=search_term_string\"}],\"inLanguage\":\"en-US\"},{\"@type\":[\"Person\",\"Organization\"],\"@id\":\"https:\/\/naturellebienetre.fr\/#\/schema\/person\/48341cb16a43c80f0d8dccb26cd453f0\",\"name\":\"admin7092\",\"image\":{\"@type\":\"ImageObject\",\"inLanguage\":\"en-US\",\"@id\":\"https:\/\/naturellebienetre.fr\/#\/schema\/person\/image\/\",\"url\":\"https:\/\/naturellebienetre.fr\/wp-content\/uploads\/2022\/05\/2.png\",\"contentUrl\":\"https:\/\/naturellebienetre.fr\/wp-content\/uploads\/2022\/05\/2.png\",\"width\":500,\"height\":500,\"caption\":\"admin7092\"},\"logo\":{\"@id\":\"https:\/\/naturellebienetre.fr\/#\/schema\/person\/image\/\"},\"sameAs\":[\"http:\/\/naturellebienetre.fr\"]}]}<\/script>\n<!-- \/ Yoast SEO plugin. -->","yoast_head_json":{"title":"Consultation Naturopathie - Approche holistique de la sant\u00e9","robots":{"index":"index","follow":"follow","max-snippet":"max-snippet:-1","max-image-preview":"max-image-preview:large","max-video-preview":"max-video-preview:-1"},"canonical":"https:\/\/naturellebienetre.fr\/?page_id=26","og_locale":"en_US","og_type":"article","og_title":"Consultation Naturopathie - Approche holistique de la sant\u00e9","og_description":"Mon objectif, dans le cadre de l\u2019entretien de bilan de vitalit\u00e9, est de comprendre le fonctionnement de votre organisme et les v\u00e9ritables causes des dysfonctionnements, des sympt\u00f4mes, afin de lui donner les moyens de s\u2019auto-gu\u00e9rir en corrigeant l\u2019origine des d\u00e9r\u00e8glements. Optimiser votre sant\u00e9 et la cultiver sur le long terme &hellip;","og_url":"https:\/\/naturellebienetre.fr\/?page_id=26","og_site_name":"Approche holistique de la sant\u00e9","article_modified_time":"2022-06-06T14:45:32+00:00","og_image":[{"url":"http:\/\/naturellebienetre.fr\/wp-content\/uploads\/2022\/05\/fleurs-sechees-1024x683.jpg"}],"twitter_card":"summary_large_image","twitter_misc":{"Est. reading time":"2 minutes"},"schema":{"@context":"https:\/\/schema.org","@graph":[{"@type":"WebPage","@id":"https:\/\/naturellebienetre.fr\/?page_id=26","url":"https:\/\/naturellebienetre.fr\/?page_id=26","name":"Consultation Naturopathie - Approche holistique de la sant\u00e9","isPartOf":{"@id":"https:\/\/naturellebienetre.fr\/#website"},"datePublished":"2022-05-16T15:58:15+00:00","dateModified":"2022-06-06T14:45:32+00:00","breadcrumb":{"@id":"https:\/\/naturellebienetre.fr\/?page_id=26#breadcrumb"},"inLanguage":"en-US","potentialAction":[{"@type":"ReadAction","target":["https:\/\/naturellebienetre.fr\/?page_id=26"]}]},{"@type":"BreadcrumbList","@id":"https:\/\/naturellebienetre.fr\/?page_id=26#breadcrumb","itemListElement":[{"@type":"ListItem","position":1,"name":"Accueil","item":"https:\/\/naturellebienetre.fr\/"},{"@type":"ListItem","position":2,"name":"Consultation Naturopathie"}]},{"@type":"WebSite","@id":"https:\/\/naturellebienetre.fr\/#website","url":"https:\/\/naturellebienetre.fr\/","name":"Approche holistique de la sant\u00e9 - naturopathie","description":"Natur&#039;elle : naturopathie au f\u00e9minin","publisher":{"@id":"https:\/\/naturellebienetre.fr\/#\/schema\/person\/48341cb16a43c80f0d8dccb26cd453f0"},"potentialAction":[{"@type":"SearchAction","target":{"@type":"EntryPoint","urlTemplate":"https:\/\/naturellebienetre.fr\/?s={search_term_string}"},"query-input":"required name=search_term_string"}],"inLanguage":"en-US"},{"@type":["Person","Organization"],"@id":"https:\/\/naturellebienetre.fr\/#\/schema\/person\/48341cb16a43c80f0d8dccb26cd453f0","name":"admin7092","image":{"@type":"ImageObject","inLanguage":"en-US","@id":"https:\/\/naturellebienetre.fr\/#\/schema\/person\/image\/","url":"https:\/\/naturellebienetre.fr\/wp-content\/uploads\/2022\/05\/2.png","contentUrl":"https:\/\/naturellebienetre.fr\/wp-content\/uploads\/2022\/05\/2.png","width":500,"height":500,"caption":"admin7092"},"logo":{"@id":"https:\/\/naturellebienetre.fr\/#\/schema\/person\/image\/"},"sameAs":["http:\/\/naturellebienetre.fr"]}]}},"_links":{"self":[{"href":"https:\/\/naturellebienetre.fr\/index.php?rest_route=\/wp\/v2\/pages\/26","targetHints":{"allow":["GET"]}}],"collection":[{"href":"https:\/\/naturellebienetre.fr\/index.php?rest_route=\/wp\/v2\/pages"}],"about":[{"href":"https:\/\/naturellebienetre.fr\/index.php?rest_route=\/wp\/v2\/types\/page"}],"author":[{"embeddable":true,"href":"https:\/\/naturellebienetre.fr\/index.php?rest_route=\/wp\/v2\/users\/1"}],"replies":[{"embeddable":true,"href":"https:\/\/naturellebienetre.fr\/index.php?rest_route=%2Fwp%2Fv2%2Fcomments&post=26"}],"version-history":[{"count":19,"href":"https:\/\/naturellebienetre.fr\/index.php?rest_route=\/wp\/v2\/pages\/26\/revisions"}],"predecessor-version":[{"id":260,"href":"https:\/\/naturellebienetre.fr\/index.php?rest_route=\/wp\/v2\/pages\/26\/revisions\/260"}],"wp:attachment":[{"href":"https:\/\/naturellebienetre.fr\/index.php?rest_route=%2Fwp%2Fv2%2Fmedia&parent=26"}],"curies":[{"name":"wp","href":"https:\/\/api.w.org\/{rel}","templated":true}]}}